4 - b**3/6 - b**2. Suppose 25 = 19*p - 14*p. Calculate q(p).
-1
Let v = 9 + -8. Let i(k) = 7*k**3 + k. Give i(v).
8
Suppose 80 = 3*d - b, 4*d - 3*b - 3 = 102. Let t be (-2)/5 + d/5. Let f(s) = 4*s**2 - 2 + 8*s + 0*s**2 - s + 0*s - s**3. What is f(t)?
8
Suppose -3*p + 4*z - 7 = -0*z, -p + 2*z - 3 = 0. Let j(a) = 5*a**3 - a - 1. Give j(p).
-5
Suppose v = -2*d + 10, v + 0*d = -3*d + 15. Suppose -p + f - 1 = 0, 2*p - 6*f + f - 7 = v. Let n(a) = -a**2 - 3*a + 3. Give n(p).
-1
Let c(o) = -2*o - 2. Let h be 0 - (2 - (-5)/(-1)). Suppose -5*w + 3*d = -h, 21 - 1 = 5*d. Calculate c(w).
-8
Let j be ((-4)/150)/((-20)/25). Let s(t) be the third derivative of 0 + 0*t + j*t**5 + 1/8*t**4 - 1/120*t**6 - t**2 + 1/6*t**3. Calculate s(3).
1
Let c(j) = j**2 + 7*j + 3. Let u = -20 - -15. What is c(u)?
-7
Let t(i) be the second derivative of i**3/3 + i**2 - 4*i. Let u be t(2). Let a(c) = -c**3 + 6*c**2 - 2*c + 4. Give a(u).
-8
Let g(o) = o - 23. Let l be g(18). Let d(x) = -2*x - 7. What is d(l)?
3
Let n(g) = -g**2 - 12*g - 14. Let p be n(-11). Let q(o) = -2*o - 3. Determine q(p).
3
Let x(u) = 3*u - 1. Suppose 0 = -2*q - 2*q + 12, 2*f + 3*q - 7 = 0. Determine x(f).
-4
Let h(s) = -s**2 - 11*s - 12. Let p(q) = 1. Let t(c) = h(c) - 2*p(c). What is t(-10)?
-4
Let k(j) = -j - 14 + 14. Suppose 0 = -5*d + 3 - 13. Give k(d).
2
Let u(a) = 2*a**3 + a**2. Suppose -16 - 9 = 5*r. Let o = r + 4. What is u(o)?
-1
Let i(u) = -3*u - 3*u + 5*u - 2*u - 4. Give i(-6).
14
Let i(j) = 6*j + 4. Let z(f) = -18*f - 11. Let h(y) = 8*i(y) + 3*z(y). Suppose -s - s - 30 = 0. Let x be 6/s + 3/(-5). What is h(x)?
5
Let p(b) be the second derivative of b**5/20 - 5*b**4/6 + 4*b**3/3 + 9*b**2/2 + 8*b. What is p(9)?
0
Let t(c) = 3*c**3 - 14*c**2 - 11*c - 2. Let u = -6 - -4. Let s(z) = -z**3 + 7*z**2 + 6*z + 1. Let q(a) = u*t(a) - 5*s(a). What is q(-6)?
11
Let h(k) be the second derivative of k**5/20 - 7*k**4/12 + k**3 + 3*k**2/2 - 11*k. Give h(6).
3
Let a(i) = i**3 + i**2 - i - 4. Let g(x) = -x**2 - 8*x + 4. Let p = 17 - 25. Let d be g(p). Suppose -n = -d*n. Give a(n).
-4
Let u(s) = -s**2 + 2. Let f = 34 + -37. Determine u(f).
-7
Let b(z) = z**2 - 8*z + 7. Let f be (-3 + 3)*1 + -10. Let i be f/((-2 - -4)*-1). Give b(i).
-8
Let o = 5 + 0. Let d = o - 2. Let b(i) = -i**3 + 4*i**2 - 2*i - 2. Determine b(d).
1
Let i(v) be the third derivative of -v**7/168 - v**5/60 - v**4/24 + v**3/2 + v**2. Let j(t) be the first derivative of i(t). Calculate j(-1).
6
Let w(q) be the second derivative of -4*q - 1/12*q**4 - 1/2*q**2 + q**3 + 0. Suppose 4*g + 3 = 19. What is w(g)?
7
Let h(o) be the first derivative of -3*o**2/2 - 13. Calculate h(2).
-6
Let j(l) = -l - 3. Let u be j(-4). Let c(f) = 2 - 4*f**2 + 0 - u - 7*f**2. Calculate c(1).
-10
Let h = 6 + -5. Let l(g) = g. Give l(h).
1
Let f(o) = -o**3 + 6*o**2 - 2*o + 8. Let a = 21 - 15. Determine f(a).
-4
Let k(m) = -5 - 15*m - 12*m - 19*m + m**2 + 38*m. Calculate k(8).
-5
Let f(p) = -p**2 + p - 1. Let m(z) be the second derivative of -7*z**4/12 + z**3 - 7*z**2 + 7*z. Let i(l) = -6*f(l) + m(l). What is i(0)?
-8
Let k(n) = -n**2 - 4*n + 4. Let w be (6/(-9))/((-3)/(-18)). Let c(m) = 3*m**2 + 11*m - 11. Let l(f) = w*c(f) - 11*k(f). Let r = -3 - -2. Determine l(r).
-1
Let f(v) be the third derivative of -v**4/24 + v**3/6 + 2*v**2. Calculate f(2).
-1
Let f(y) = y. Let n be f(2). Suppose 2*o + n = -0. Let h(r) = r + 1. Give h(o).
0
Let y(o) = -6 - 3 + 7*o + 1 + o**2. Give y(-6).
-14
Let b(a) = -3*a - 9. Let h(o) = 4*o - 2. Let y be h(-1). Give b(y).
9
Let o = 9 + -5. Suppose -24 = o*x - 0*x. Let w(g) = g**3 + 5*g**2 - 8*g - 9. What is w(x)?
3
Suppose -5*i + 0*i + 11 = -3*u, -2*u = -4*i + 8. Let t be (18/(-14) + i)*-7. Let p(x) = -x + 2. Calculate p(t).
0
Suppose 0 = -2*w - 8. Let g be 2/w*40/5. Let y(a) = -a**3 - 4*a**2 + a - 1. Calculate y(g).
-5
Let d(l) = -l**2 + 6*l + 5. Let m be d(4). Suppose -7 = -5*u + m. Let o(q) = q**2 - 4*q - 3. Give o(u).
-3
Let h(z) = -z**2 + 4*z + 1. Suppose -4 - 16 = 2*w. Let c be (-3)/(-15) + (-38)/w. Determine h(c).
1
Let w be 2/(-4) + (-30)/(-4). Let j(p) be the first derivative of -w*p + 7/2*p**2 - 1/3*p**3 - 2. Give j(5).
3
Let c(x) = 209*x. Suppose -9 = -3*r - 0. Let w(l) = -14*l. Let k(t) = r*c(t) + 44*w(t). What is k(1)?
11
Let a = -5 + 8. Let b(y) = 3*y**3 + 4*y**2 - 2*y**3 - 5 + a*y + 3. Determine b(-3).
-2
Suppose -2*z = 2*v, -v + 3*z - 5*z = -2. Let b(s) = s + 1. Calculate b(v).
-1
Let f(a) = -4*a. Let x(u) = 5*u. Let l(j) = 6*f(j) + 5*x(j). Let d(s) = -s - 4. Let z be d(-8). Calculate l(z).
4
Let g(i) = -i**3 - 7*i**2 - 3*i - 8. Suppose 8*d + 3*d = -66. Determine g(d).
-26
Suppose r - 7 = 3. Suppose 0*w + 5*s = w + 25, -4*w - 2*s + r = 0. Suppose k + 4*k = -3*l, w = -5*k - 2*l + 5. Let y(c) = 2*c - 2. Determine y(k).
4
Let g(l) = l**2 - 7*l + 3. Let m be g(6). Let f(u) = -u - 4. Give f(m).
-1
Suppose 2*f + 14 = 4*p, 5*f + p - 1 + 3 = 0. Let a(u) be the third derivative of u**4/3 + u**3/6 + 2*u**2. What is a(f)?
-7
Suppose -q - 1 = -4. Let k(z) = -4*z**2 + 5*z**3 + 2*z**3 - z - 4*z**q - 3 - 4*z**3. Determine k(-4).
1
Let i(q) = -2*q**2 - 4 + 5*q**2 + 5*q - 2. Let h(r) = r - 1. Let o(t) = -5*h(t) + i(t). Determine o(-1).
2
Let l(i) = -i**3 + 7*i**2 - i + 1. Let a(n) = -n**2 + 10*n - 9. Let f be a(8). Let y be l(f). Let d(t) = -t**2 - 6*t + 2. Determine d(y).
2
Let u(x) = x**3 + 7*x**2 + 7*x + 3. Let y be u(-6). Let s(z) be the second derivative of -z + 0 + 1/2*z**3 - z**2 + 1/6*z**4. Calculate s(y).
7
Suppose 0 = -2*g - 0*b - 4*b, -3*g = -3*b - 9. Let w(u) = u + 1. Let y(n) = 12*n + 6. Let p(k) = 9*w(k) - y(k). What is p(g)?
-3
Suppose 2*n + 5 = -17. Let w = n - -8. Let o(r) = -r**3 - 3*r**2 + 2*r + 2. Calculate o(w).
-4
Let x(f) = 7*f**2 + 6*f - 7. Let b(m) = -m**3 + m - 6. Let w be b(0). Let c(v) = 8*v**2 + 7*v - 8. Let r(p) = w*c(p) + 7*x(p). Let t = 7 - 5. What is r(t)?
3
Let i(t) = -t - 2. Let g(o) = -o**2 - 14*o. Let y be g(-14). Determine i(y).
-2
Let a(k) = 6*k - 5. Let d(i) = -i + 1. Let b be (9/2 + -4)*-2. Let p(x) = b*a(x) - 5*d(x). Determine p(-5).
5
Let x(c) = 4*c - 2. Let m(t) = -9*t + 5. Let n(y) = -2*m(y) - 5*x(y). Suppose -143*p - 25 = -148*p. Calculate n(p).
-10
Let r = 0 + 3. Let t(l) = r*l + 3*l - l - 6*l. Give t(-4).
4
Let p be ((-8)/2)/(2 + -1). Let m = -2 + 4. Let d(f) = -3*f**2 - m - 2*f**2 - 4*f**3 - 4*f + 3*f**3. Give d(p).
-2
Let r(j) = -6*j**2 + 3*j + 6. Let q(b) = -b**2 - b + 1. Let h(p) = -5*q(p) + r(p). Give h(7).
8
Let w(x) = -x - 9. Let r = -8 - -10. Suppose -r*v = 3*v. Give w(v).
-9
Let x(i) = -i**2 - 7*i - 1. Let j(q) = -q**3 - 6*q**2 + 7*q - 8. Let f be j(-7). What is x(f)?
-9
Let m = 8 - 10. Let u be (-8)/(-3)*(-3)/m. Suppose d = -u*d. Let t(o) = -o**2 + o + 6. Calculate t(d).
6
Let g(w) be the first derivative of -w**3/3 - 2*w**2 + 6*w + 9. Calculate g(-6).
-6
Let a = 40 + -63. Let f = a - -22. Let h(r) = -r**2 + r + 1. Determine h(f).
-1
Let j(v) = 8*v**3 - 5*v**3 + 4*v - 4 - 2*v**3 - 5*v**2. Determine j(4).
-4
Let v(d) = d**2 - 6*d + 2. Let k be v(6). Let m(j) = 0 - 5*j - j**3 + 0 - 5*j**k. Give m(-4).
4
Let b(f) = 5*f + 3. Suppose -5*c = 2*a - 29, 2*a + 2*a = 2*c - 2. Suppose 0*q - a*q = 4. What is b(q)?
-7
Let t(r) = -3*r**3 - 4*r**2 + 4*r + 4. Let g(f) = -4*f**3 - 4*f**2 + 3*f + 5. Let s(c) = 2*g(c) - 3*t(c). Let z(d) = 6*d + 13. Let w be z(-3). Determine s(w).
3
Let f(a) = -a - 6. Let k(t) = t**3 - 4*t**2 + 2*t + 3. Let x be k(3). What is f(x)?
-6
Let v(k) = 3*k**2 + 10*k - 6. Let n(p) = p**3 + p**2 + p - 1. Let s be n(0). Let i(f) = -f**2 - f + 1. Let w(u) = s*v(u) - 4*i(u). What is w(4)?
-6
Let n(p) = 0*p**2 + 0 + 4*p**2 + 2*p + 1. Suppose -5*a = 4*x - 32, 0*x - 4 = 2*x. Let z = a + -9. Determine n(z).
3
Let k(n) = -1 + 15*n**2 - 12*n**2 - 5*n**2 - 1. What is k(-2)?
-10
Let r be (-99)/(-21) + 2/7. Let g(x) = 2*x**2 + 5*x + 5. Let i be (-1)/3 - (-66)/9. Let j(q) = 5*q**2 + 10*q + 10. Let t(d) = i*g(d) - 3*j(d). Calculate t(r).
5
Let a be (20/6)/(4/(-6)). Let p(t) = 13*t + 2. Let w(r) = -7*r - 1. Let k(d) = a*w(d) - 3*p(d). Suppose 1 = m - 0*m. Calculate k(m).
-5
Let x(a) = -3*a**2 - 7*a - 6. Let o(s) = s**2 + 2*s + 2. Let g(u) = -7*o(u) - 2*x(u). Give g(0).
-2
Let l(u) = -2*u + 2. Let a(c) = -4*c + 3. Let y(p) = -6*a(p) + 10*l(p). What is y(2)?
10
Suppose 0 = -2*z + 2*i, -z + 3*z = -5*i